{"id":987511733,"date":"2025-09-18T15:28:50","date_gmt":"2025-09-18T13:28:50","guid":{"rendered":"https:\/\/formation-a-distance-dpc-idel.fr\/?page_id=987511733"},"modified":"2025-09-18T17:09:47","modified_gmt":"2025-09-18T15:09:47","slug":"campagne-telephonique","status":"publish","type":"page","link":"https:\/\/formation-a-distance-dpc-idel.fr\/index.php\/campagne-telephonique\/","title":{"rendered":"Campagne t\u00e9l\u00e9phonique"},"content":{"rendered":"<p>[et_pb_section fb_built=\u00a0\u00bb1&Prime; admin_label=\u00a0\u00bbHeader\u00a0\u00bb _builder_version=\u00a0\u00bb4.16&Prime; _module_preset=\u00a0\u00bbdefault\u00a0\u00bb background_color=\u00a0\u00bb#fff1e8&Prime; background_image=\u00a0\u00bbhttps:\/\/formation-a-distance-dpc-idel.fr\/wp-content\/uploads\/2024\/10\/home-care-44-scaled-1.jpg\u00a0\u00bb custom_padding=\u00a0\u00bb||0px||false|false\u00a0\u00bb global_colors_info=\u00a0\u00bb{}\u00a0\u00bb][et_pb_row _builder_version=\u00a0\u00bb4.23.1&Prime; _module_preset=\u00a0\u00bbdefault\u00a0\u00bb custom_padding=\u00a0\u00bb||0px||false|false\u00a0\u00bb global_colors_info=\u00a0\u00bb{}\u00a0\u00bb][et_pb_column type=\u00a0\u00bb4_4&Prime; _builder_version=\u00a0\u00bb4.23.1&Prime; _module_preset=\u00a0\u00bbdefault\u00a0\u00bb background_color=\u00a0\u00bbgcid-18fb4515-6598-4c8e-ba5e-c06c3f5797ca\u00a0\u00bb custom_padding=\u00a0\u00bb80px|60px|80px|60px|true|true\u00a0\u00bb custom_padding_tablet=\u00a0\u00bb60px|30px|60px|30px|true|true\u00a0\u00bb custom_padding_phone=\u00a0\u00bb40px|20px|40px|20px|true|true\u00a0\u00bb custom_padding_last_edited=\u00a0\u00bbon|phone\u00a0\u00bb box_shadow_style=\u00a0\u00bbpreset3&Prime; box_shadow_vertical=\u00a0\u00bb35px\u00a0\u00bb box_shadow_blur=\u00a0\u00bb85px\u00a0\u00bb box_shadow_spread=\u00a0\u00bb-20px\u00a0\u00bb box_shadow_color=\u00a0\u00bbrgba(0,7,99,0.4)\u00a0\u00bb global_colors_info=\u00a0\u00bb{%22gcid-18fb4515-6598-4c8e-ba5e-c06c3f5797ca%22:%91%22background_color%22%93}\u00a0\u00bb][et_pb_contact_form email=\u00a0\u00bbinscription@medeo-formation.fr, florent.garceau@gmail.com\u00a0\u00bb _builder_version=\u00a0\u00bb4.27.4&Prime; _module_preset=\u00a0\u00bbdefault\u00a0\u00bb _unique_id=\u00a0\u00bbcdc128e3-3709-4dbc-9698-d4d9711bb7f3&Prime; form_field_background_color=\u00a0\u00bb#fd007a\u00a0\u00bb form_field_text_color=\u00a0\u00bb#FFFFFF\u00a0\u00bb title_text_color=\u00a0\u00bb#FFFFFF\u00a0\u00bb captcha_font=\u00a0\u00bb|800||on|||||\u00a0\u00bb captcha_text_color=\u00a0\u00bb#FFFFFF\u00a0\u00bb captcha_font_size=\u00a0\u00bb24px\u00a0\u00bb form_field_font=\u00a0\u00bbPoppins||||||||\u00a0\u00bb form_field_font_size=\u00a0\u00bb16px\u00a0\u00bb form_field_line_height=\u00a0\u00bb1.8em\u00a0\u00bb custom_button=\u00a0\u00bbon\u00a0\u00bb button_text_size=\u00a0\u00bb16px\u00a0\u00bb button_text_color=\u00a0\u00bbgcid-18fb4515-6598-4c8e-ba5e-c06c3f5797ca\u00a0\u00bb button_bg_color=\u00a0\u00bb#FFFFFF\u00a0\u00bb button_border_width=\u00a0\u00bb0px\u00a0\u00bb button_border_radius=\u00a0\u00bb100px\u00a0\u00bb button_font=\u00a0\u00bbPoppins|600|||||||\u00a0\u00bb button_icon=\u00a0\u00bb&#x24;||divi||400&Prime; button_custom_padding=\u00a0\u00bb16px|40px|16px|40px|true|true\u00a0\u00bb hover_enabled=\u00a0\u00bb0&Prime; form_field_font_size_tablet=\u00a0\u00bb15px\u00a0\u00bb form_field_font_size_phone=\u00a0\u00bb14px\u00a0\u00bb form_field_font_size_last_edited=\u00a0\u00bbon|desktop\u00a0\u00bb button_text_size_tablet=\u00a0\u00bb15px\u00a0\u00bb button_text_size_last_edited=\u00a0\u00bboff|phone\u00a0\u00bb captcha_text_shadow_style=\u00a0\u00bbpreset1&Prime; captcha_text_shadow_color=\u00a0\u00bb#000000&Prime; border_width_all=\u00a0\u00bb2px\u00a0\u00bb border_color_all=\u00a0\u00bb#FFFFFF\u00a0\u00bb global_colors_info=\u00a0\u00bb{%22gcid-18fb4515-6598-4c8e-ba5e-c06c3f5797ca%22:%91%22button_text_color%22%93}\u00a0\u00bb sticky_enabled=\u00a0\u00bb0&Prime; success_message=\u00a0\u00bbvotre demande a bien \u00e9t\u00e9 envoy\u00e9e\u00a0\u00bb title=\u00a0\u00bbFormulaire sms\u00a0\u00bb title_font_size=\u00a0\u00bb8px\u00a0\u00bb][et_pb_contact_field field_id=\u00a0\u00bbNom\u00a0\u00bb field_title=\u00a0\u00bbNom\u00a0\u00bb _builder_version=\u00a0\u00bb4.23.1&Prime; global_colors_info=\u00a0\u00bb{}\u00a0\u00bb button_text_size__hover_enabled=\u00a0\u00bboff\u00a0\u00bb button_one_text_size__hover_enabled=\u00a0\u00bboff\u00a0\u00bb button_two_text_size__hover_enabled=\u00a0\u00bboff\u00a0\u00bb button_text_color__hover_enabled=\u00a0\u00bboff\u00a0\u00bb button_one_text_color__hover_enabled=\u00a0\u00bboff\u00a0\u00bb button_two_text_color__hover_enabled=\u00a0\u00bboff\u00a0\u00bb button_border_width__hover_enabled=\u00a0\u00bboff\u00a0\u00bb button_one_border_width__hover_enabled=\u00a0\u00bboff\u00a0\u00bb button_two_border_width__hover_enabled=\u00a0\u00bboff\u00a0\u00bb button_border_color__hover_enabled=\u00a0\u00bboff\u00a0\u00bb button_one_border_color__hover_enabled=\u00a0\u00bboff\u00a0\u00bb button_two_border_color__hover_enabled=\u00a0\u00bboff\u00a0\u00bb button_border_radius__hover_enabled=\u00a0\u00bboff\u00a0\u00bb button_one_border_radius__hover_enabled=\u00a0\u00bboff\u00a0\u00bb button_two_border_radius__hover_enabled=\u00a0\u00bboff\u00a0\u00bb button_letter_spacing__hover_enabled=\u00a0\u00bboff\u00a0\u00bb button_one_letter_spacing__hover_enabled=\u00a0\u00bboff\u00a0\u00bb button_two_letter_spacing__hover_enabled=\u00a0\u00bboff\u00a0\u00bb button_bg_color__hover_enabled=\u00a0\u00bboff\u00a0\u00bb button_one_bg_color__hover_enabled=\u00a0\u00bboff\u00a0\u00bb button_two_bg_color__hover_enabled=\u00a0\u00bboff\u00a0\u00bb][\/et_pb_contact_field][et_pb_contact_field field_id=\u00a0\u00bbPr\u00e9nom\u00a0\u00bb field_title=\u00a0\u00bbPr\u00e9nom\u00a0\u00bb _builder_version=\u00a0\u00bb4.23.1&Prime; global_colors_info=\u00a0\u00bb{}\u00a0\u00bb button_text_size__hover_enabled=\u00a0\u00bboff\u00a0\u00bb button_one_text_size__hover_enabled=\u00a0\u00bboff\u00a0\u00bb button_two_text_size__hover_enabled=\u00a0\u00bboff\u00a0\u00bb button_text_color__hover_enabled=\u00a0\u00bboff\u00a0\u00bb button_one_text_color__hover_enabled=\u00a0\u00bboff\u00a0\u00bb button_two_text_color__hover_enabled=\u00a0\u00bboff\u00a0\u00bb button_border_width__hover_enabled=\u00a0\u00bboff\u00a0\u00bb button_one_border_width__hover_enabled=\u00a0\u00bboff\u00a0\u00bb button_two_border_width__hover_enabled=\u00a0\u00bboff\u00a0\u00bb button_border_color__hover_enabled=\u00a0\u00bboff\u00a0\u00bb button_one_border_color__hover_enabled=\u00a0\u00bboff\u00a0\u00bb button_two_border_color__hover_enabled=\u00a0\u00bboff\u00a0\u00bb button_border_radius__hover_enabled=\u00a0\u00bboff\u00a0\u00bb button_one_border_radius__hover_enabled=\u00a0\u00bboff\u00a0\u00bb button_two_border_radius__hover_enabled=\u00a0\u00bboff\u00a0\u00bb button_letter_spacing__hover_enabled=\u00a0\u00bboff\u00a0\u00bb button_one_letter_spacing__hover_enabled=\u00a0\u00bboff\u00a0\u00bb button_two_letter_spacing__hover_enabled=\u00a0\u00bboff\u00a0\u00bb button_bg_color__hover_enabled=\u00a0\u00bboff\u00a0\u00bb button_one_bg_color__hover_enabled=\u00a0\u00bboff\u00a0\u00bb button_two_bg_color__hover_enabled=\u00a0\u00bboff\u00a0\u00bb][\/et_pb_contact_field][et_pb_contact_field field_id=\u00a0\u00bbEmail\u00a0\u00bb field_title=\u00a0\u00bbEmail \u00a0\u00bb field_type=\u00a0\u00bbemail\u00a0\u00bb _builder_version=\u00a0\u00bb4.23.1&Prime; global_colors_info=\u00a0\u00bb{}\u00a0\u00bb button_text_size__hover_enabled=\u00a0\u00bboff\u00a0\u00bb button_one_text_size__hover_enabled=\u00a0\u00bboff\u00a0\u00bb button_two_text_size__hover_enabled=\u00a0\u00bboff\u00a0\u00bb button_text_color__hover_enabled=\u00a0\u00bboff\u00a0\u00bb button_one_text_color__hover_enabled=\u00a0\u00bboff\u00a0\u00bb button_two_text_color__hover_enabled=\u00a0\u00bboff\u00a0\u00bb button_border_width__hover_enabled=\u00a0\u00bboff\u00a0\u00bb button_one_border_width__hover_enabled=\u00a0\u00bboff\u00a0\u00bb button_two_border_width__hover_enabled=\u00a0\u00bboff\u00a0\u00bb button_border_color__hover_enabled=\u00a0\u00bboff\u00a0\u00bb button_one_border_color__hover_enabled=\u00a0\u00bboff\u00a0\u00bb button_two_border_color__hover_enabled=\u00a0\u00bboff\u00a0\u00bb button_border_radius__hover_enabled=\u00a0\u00bboff\u00a0\u00bb button_one_border_radius__hover_enabled=\u00a0\u00bboff\u00a0\u00bb button_two_border_radius__hover_enabled=\u00a0\u00bboff\u00a0\u00bb button_letter_spacing__hover_enabled=\u00a0\u00bboff\u00a0\u00bb button_one_letter_spacing__hover_enabled=\u00a0\u00bboff\u00a0\u00bb button_two_letter_spacing__hover_enabled=\u00a0\u00bboff\u00a0\u00bb button_bg_color__hover_enabled=\u00a0\u00bboff\u00a0\u00bb button_one_bg_color__hover_enabled=\u00a0\u00bboff\u00a0\u00bb button_two_bg_color__hover_enabled=\u00a0\u00bboff\u00a0\u00bb][\/et_pb_contact_field][et_pb_contact_field field_id=\u00a0\u00bbnum\u00e9ro_de_t\u00e9l\u00e9phone\u00a0\u00bb field_title=\u00a0\u00bb Num\u00e9ro de t\u00e9l\u00e9phone\u00a0\u00bb _builder_version=\u00a0\u00bb4.23.1&Prime; global_colors_info=\u00a0\u00bb{}\u00a0\u00bb button_text_size__hover_enabled=\u00a0\u00bboff\u00a0\u00bb button_one_text_size__hover_enabled=\u00a0\u00bboff\u00a0\u00bb button_two_text_size__hover_enabled=\u00a0\u00bboff\u00a0\u00bb button_text_color__hover_enabled=\u00a0\u00bboff\u00a0\u00bb button_one_text_color__hover_enabled=\u00a0\u00bboff\u00a0\u00bb button_two_text_color__hover_enabled=\u00a0\u00bboff\u00a0\u00bb button_border_width__hover_enabled=\u00a0\u00bboff\u00a0\u00bb button_one_border_width__hover_enabled=\u00a0\u00bboff\u00a0\u00bb button_two_border_width__hover_enabled=\u00a0\u00bboff\u00a0\u00bb button_border_color__hover_enabled=\u00a0\u00bboff\u00a0\u00bb button_one_border_color__hover_enabled=\u00a0\u00bboff\u00a0\u00bb button_two_border_color__hover_enabled=\u00a0\u00bboff\u00a0\u00bb button_border_radius__hover_enabled=\u00a0\u00bboff\u00a0\u00bb button_one_border_radius__hover_enabled=\u00a0\u00bboff\u00a0\u00bb button_two_border_radius__hover_enabled=\u00a0\u00bboff\u00a0\u00bb button_letter_spacing__hover_enabled=\u00a0\u00bboff\u00a0\u00bb button_one_letter_spacing__hover_enabled=\u00a0\u00bboff\u00a0\u00bb button_two_letter_spacing__hover_enabled=\u00a0\u00bboff\u00a0\u00bb button_bg_color__hover_enabled=\u00a0\u00bboff\u00a0\u00bb button_one_bg_color__hover_enabled=\u00a0\u00bboff\u00a0\u00bb button_two_bg_color__hover_enabled=\u00a0\u00bboff\u00a0\u00bb][\/et_pb_contact_field][et_pb_contact_field field_id=\u00a0\u00bbd\u00e9partement\u00a0\u00bb field_title=\u00a0\u00bbVotre d\u00e9partement\u00a0\u00bb field_type=\u00a0\u00bbselect\u00a0\u00bb select_options=\u00a0\u00bb%91{%22value%22:%22Ari\u00e8ge%22,%22checked%22:0,%22dragID%22:2},{%22value%22:%22Aude%22,%22checked%22:0,%22dragID%22:0},{%22value%22:%22Aveyron%22,%22checked%22:0,%22dragID%22:5},{%22value%22:%22Gard%22,%22checked%22:0,%22dragID%22:6},{%22value%22:%22Gers%22,%22checked%22:0,%22dragID%22:8},{%22value%22:%22Hautes-Pyr\u00e9n\u00e9es%22,%22checked%22:0,%22dragID%22:7},{%22value%22:%22Haute-Garonne%22,%22checked%22:0,%22dragID%22:3},{%22value%22:%22H\u00e9rault%22,%22checked%22:0,%22dragID%22:1},{%22value%22:%22Pyr\u00e9n\u00e9es-Atlantiques%22,%22checked%22:0,%22dragID%22:10},{%22value%22:%22Pyr\u00e9n\u00e9es-Orientales%22,%22checked%22:0,%22dragID%22:-1},{%22value%22:%22Tarn%22,%22checked%22:0,%22dragID%22:4},{%22value%22:%22Tarn-et-Garonne%22,%22checked%22:0,%22dragID%22:9},{%22value%22:%22Autres%22,%22checked%22:0,%22dragID%22:11}%93&Prime; fullwidth_field=\u00a0\u00bbon\u00a0\u00bb _builder_version=\u00a0\u00bb4.27.4&Prime; _module_preset=\u00a0\u00bbdefault\u00a0\u00bb global_colors_info=\u00a0\u00bb{}\u00a0\u00bb][\/et_pb_contact_field][et_pb_contact_field field_id=\u00a0\u00bbFormation_distancielles\u00a0\u00bb field_title=\u00a0\u00bbFormations distancielles\u00a0\u00bb field_type=\u00a0\u00bbselect\u00a0\u00bb select_options=\u00a0\u00bb%91{%22value%22:%22Addictions%22,%22checked%22:0,%22dragID%22:-1},{%22value%22:%22Agressivit\u00e9 et violence %22,%22checked%22:0,%22dragID%22:0},{%22value%22:%22BSI \/ Raisonnement clinique %22,%22checked%22:0,%22dragID%22:1},{%22value%22:%22Alzheimer%22,%22checked%22:0,%22dragID%22:2},{%22value%22:%22 Certificat de d\u00e9c\u00e8s%22,%22checked%22:0,%22dragID%22:3},{%22value%22:%22Diab\u00e8te \/ HTA%22,%22checked%22:0,%22dragID%22:4},{%22value%22:%22Douleur%22,%22checked%22:0,%22dragID%22:5},{%22value%22:%22Les aidants%22,%22checked%22:0,%22dragID%22:6},{%22value%22:%22 Iatrog\u00e9nie M\u00e9dicamenteuse%22,%22checked%22:0,%22dragID%22:7},{%22value%22:%22Pack installation de cabinet%22,%22checked%22:0,%22dragID%22:8},{%22value%22:%22NGAP%22,%22checked%22:0,%22dragID%22:9},{%22value%22:%22Plaies et cicatrisation%22,%22checked%22:0,%22dragID%22:10},{%22value%22:%22Perfusions%22,%22checked%22:0,%22dragID%22:11},{%22value%22:%22RAAC%22,%22checked%22:0,%22dragID%22:12},{%22value%22:%22PRADO IC%22,%22checked%22:0,%22dragID%22:13},{%22value%22:%22Risque suicidaire%22,%22checked%22:0,%22dragID%22:14},{%22value%22:%22Rep\u00e9rage de la fragilit\u00e9%22,%22checked%22:0,%22dragID%22:15},{%22value%22:%22Secr\u00e9tariat%22,%22checked%22:0,%22dragID%22:16},{%22value%22:%22Sant\u00e9 sexuelle %22,%22checked%22:0,%22dragID%22:17},{%22value%22:%22Soins palliatifs%22,%22checked%22:0,%22dragID%22:18},{%22value%22:%22Sevrage tabagique%22,%22checked%22:0,%22dragID%22:19},{%22value%22:%22Surpoids et ob\u00e9sit\u00e9%22,%22checked%22:0,%22dragID%22:20},{%22value%22:%22T\u00e9l\u00e9sant\u00e9%22,%22checked%22:0,%22dragID%22:21},{%22value%22:%22Vaccination%22,%22checked%22:0,%22dragID%22:22}%93&Prime; required_mark=\u00a0\u00bboff\u00a0\u00bb fullwidth_field=\u00a0\u00bbon\u00a0\u00bb _builder_version=\u00a0\u00bb4.27.4&Prime; _module_preset=\u00a0\u00bbdefault\u00a0\u00bb global_colors_info=\u00a0\u00bb{}\u00a0\u00bb][\/et_pb_contact_field][et_pb_contact_field field_id=\u00a0\u00bbFormations_pr\u00e9sentielles\u00a0\u00bb field_title=\u00a0\u00bbFormations pr\u00e9sentielles\u00a0\u00bb field_type=\u00a0\u00bbselect\u00a0\u00bb select_options=\u00a0\u00bb%91{%22value%22:%22Addictions%22,%22checked%22:0,%22dragID%22:0},{%22value%22:%22Agressivit\u00e9 et violence %22,%22checked%22:0,%22dragID%22:1},{%22value%22:%22Alzheimer%22,%22checked%22:0,%22dragID%22:-1},{%22value%22:%22Bilans Pr\u00e9vention%22,%22checked%22:0,%22dragID%22:2},{%22value%22:%22BSI \/ Raisonnement clinique %22,%22checked%22:0,%22dragID%22:5},{%22value%22:%22 Certificat de d\u00e9c\u00e8s%22,%22checked%22:0,%22dragID%22:28},{%22value%22:%22Colloque, cocktail d\u00eenatoire et concert !%22,%22checked%22:0,%22dragID%22:3},{%22value%22:%22 Iatrog\u00e9nie M\u00e9dicamenteuse%22,%22checked%22:0,%22dragID%22:6},{%22value%22:%22Diab\u00e8te \/ HTA%22,%22checked%22:0,%22dragID%22:7},{%22value%22:%22Douleur%22,%22checked%22:0,%22dragID%22:4},{%22value%22:%22ICOPE%22,%22checked%22:0,%22dragID%22:9},{%22value%22:%22NGAP%22,%22checked%22:0,%22dragID%22:10},{%22value%22:%22ETP%22,%22checked%22:0,%22dragID%22:8},{%22value%22:%22Pack installation de cabinet %22,%22checked%22:0,%22dragID%22:12},{%22value%22:%22Perfusions%22,%22checked%22:0,%22dragID%22:13},{%22value%22:%22Les aidants%22,%22checked%22:0,%22dragID%22:11},{%22value%22:%22PRADO IC%22,%22checked%22:0,%22dragID%22:15},{%22value%22:%22RAAC%22,%22checked%22:0,%22dragID%22:16},{%22value%22:%22Plaies et cicatrisation%22,%22checked%22:0,%22dragID%22:14},{%22value%22:%22Risque suicidaire%22,%22checked%22:0,%22dragID%22:18},{%22value%22:%22Rep\u00e9rage de la fragilit\u00e9%22,%22checked%22:0,%22dragID%22:17},{%22value%22:%22Soins palliatifs%22,%22checked%22:0,%22dragID%22:19},{%22value%22:%22Sant\u00e9 sexuelle %22,%22checked%22:0,%22dragID%22:20},{%22value%22:%22Surpoids et ob\u00e9sit\u00e9%22,%22checked%22:0,%22dragID%22:21},{%22value%22:%22Sevrage tabagique%22,%22checked%22:0,%22dragID%22:22},{%22value%22:%22Secr\u00e9tariat %22,%22checked%22:0,%22dragID%22:23},{%22value%22:%22SSE \/ Premiers secours%22,%22checked%22:0,%22dragID%22:24},{%22value%22:%22Stomies%22,%22checked%22:0,%22dragID%22:25},{%22value%22:%22T\u00e9l\u00e9sant\u00e9%22,%22checked%22:0,%22dragID%22:26},{%22value%22:%22Vaccination%22,%22checked%22:0,%22dragID%22:27}%93&Prime; required_mark=\u00a0\u00bboff\u00a0\u00bb fullwidth_field=\u00a0\u00bbon\u00a0\u00bb _builder_version=\u00a0\u00bb4.27.4&Prime; _module_preset=\u00a0\u00bbdefault\u00a0\u00bb global_colors_info=\u00a0\u00bb{}\u00a0\u00bb][\/et_pb_contact_field][et_pb_contact_field field_id=\u00a0\u00bbNum\u00e9ro_identification_professionnel\u00a0\u00bb field_title=\u00a0\u00bbVotre num\u00e9ro ADELI ou RPPS\u00a0\u00bb fullwidth_field=\u00a0\u00bbon\u00a0\u00bb _builder_version=\u00a0\u00bb4.27.4&Prime; _module_preset=\u00a0\u00bbdefault\u00a0\u00bb global_colors_info=\u00a0\u00bb{}\u00a0\u00bb][\/et_pb_contact_field][et_pb_contact_field field_id=\u00a0\u00bbMessage\u00a0\u00bb field_title=\u00a0\u00bbMessage\u00a0\u00bb field_type=\u00a0\u00bbtext\u00a0\u00bb fullwidth_field=\u00a0\u00bbon\u00a0\u00bb _builder_version=\u00a0\u00bb4.16&Prime; global_colors_info=\u00a0\u00bb{}\u00a0\u00bb button_text_size__hover_enabled=\u00a0\u00bboff\u00a0\u00bb button_one_text_size__hover_enabled=\u00a0\u00bboff\u00a0\u00bb button_two_text_size__hover_enabled=\u00a0\u00bboff\u00a0\u00bb button_text_color__hover_enabled=\u00a0\u00bboff\u00a0\u00bb button_one_text_color__hover_enabled=\u00a0\u00bboff\u00a0\u00bb button_two_text_color__hover_enabled=\u00a0\u00bboff\u00a0\u00bb button_border_width__hover_enabled=\u00a0\u00bboff\u00a0\u00bb button_one_border_width__hover_enabled=\u00a0\u00bboff\u00a0\u00bb button_two_border_width__hover_enabled=\u00a0\u00bboff\u00a0\u00bb button_border_color__hover_enabled=\u00a0\u00bboff\u00a0\u00bb button_one_border_color__hover_enabled=\u00a0\u00bboff\u00a0\u00bb button_two_border_color__hover_enabled=\u00a0\u00bboff\u00a0\u00bb button_border_radius__hover_enabled=\u00a0\u00bboff\u00a0\u00bb button_one_border_radius__hover_enabled=\u00a0\u00bboff\u00a0\u00bb button_two_border_radius__hover_enabled=\u00a0\u00bboff\u00a0\u00bb button_letter_spacing__hover_enabled=\u00a0\u00bboff\u00a0\u00bb button_one_letter_spacing__hover_enabled=\u00a0\u00bboff\u00a0\u00bb button_two_letter_spacing__hover_enabled=\u00a0\u00bboff\u00a0\u00bb button_bg_color__hover_enabled=\u00a0\u00bboff\u00a0\u00bb button_one_bg_color__hover_enabled=\u00a0\u00bboff\u00a0\u00bb button_two_bg_color__hover_enabled=\u00a0\u00bboff\u00a0\u00bb][\/et_pb_contact_field][\/et_pb_contact_form][et_pb_text _builder_version=\u00a0\u00bb4.23.1&Prime; _module_preset=\u00a0\u00bb31e3fe0d-2e7d-4384-8004-edb523cff22c\u00a0\u00bb text_font=\u00a0\u00bbPoppins||||||||\u00a0\u00bb text_text_color=\u00a0\u00bb#FFFFFF\u00a0\u00bb text_font_size=\u00a0\u00bb9px\u00a0\u00bb text_line_height=\u00a0\u00bb1.8em\u00a0\u00bb text_orientation=\u00a0\u00bbcenter\u00a0\u00bb max_width=\u00a0\u00bb700px\u00a0\u00bb module_alignment=\u00a0\u00bbcenter\u00a0\u00bb text_font_size_tablet=\u00a0\u00bb16px\u00a0\u00bb text_font_size_phone=\u00a0\u00bb9px\u00a0\u00bb text_font_size_last_edited=\u00a0\u00bbon|phone\u00a0\u00bb global_colors_info=\u00a0\u00bb{}\u00a0\u00bb]En soumettant ce formulaire, j\u2019accepte d\u2019\u00eatre contact\u00e9(e) par MEDEO Formation et de recevoir des informations sur les formations.[\/et_pb_text][\/et_pb_column][\/et_pb_row][\/et_pb_section]<\/p>\n","protected":false},"excerpt":{"rendered":"<p>En soumettant ce formulaire, j\u2019accepte d\u2019\u00eatre contact\u00e9(e) par MEDEO Formation et de recevoir des informations sur les formations.<\/p>\n","protected":false},"author":1,"featured_media":0,"parent":0,"menu_order":0,"comment_status":"closed","ping_status":"closed","template":"","meta":{"_et_pb_use_builder":"on","_et_pb_old_content":"","_et_gb_content_width":"","footnotes":""},"class_list":["post-987511733","page","type-page","status-publish","hentry"],"yoast_head":"<!-- This site is optimized with the Yoast SEO plugin v27.3 - https:\/\/yoast.com\/product\/yoast-seo-wordpress\/ -->\n<title>Campagne t\u00e9l\u00e9phonique - Formation DPC IDEL<\/title>\n<meta name=\"robots\" content=\"index, follow, max-snippet:-1, max-image-preview:large, max-video-preview:-1\" \/>\n<link rel=\"canonical\" href=\"https:\/\/formation-a-distance-dpc-idel.fr\/index.php\/campagne-telephonique\/\" \/>\n<meta property=\"og:locale\" content=\"fr_FR\" \/>\n<meta property=\"og:type\" content=\"article\" \/>\n<meta property=\"og:title\" content=\"Campagne t\u00e9l\u00e9phonique - Formation DPC IDEL\" \/>\n<meta property=\"og:description\" content=\"En soumettant ce formulaire, j\u2019accepte d\u2019\u00eatre contact\u00e9(e) par MEDEO Formation et de recevoir des informations sur les formations.\" \/>\n<meta property=\"og:url\" content=\"https:\/\/formation-a-distance-dpc-idel.fr\/index.php\/campagne-telephonique\/\" \/>\n<meta property=\"og:site_name\" content=\"Formation DPC IDEL\" \/>\n<meta property=\"article:modified_time\" content=\"2025-09-18T15:09:47+00:00\" \/>\n<meta name=\"twitter:card\" content=\"summary_large_image\" \/>\n<script type=\"application\/ld+json\" class=\"yoast-schema-graph\">{\"@context\":\"https:\\\/\\\/schema.org\",\"@graph\":[{\"@type\":\"WebPage\",\"@id\":\"https:\\\/\\\/formation-a-distance-dpc-idel.fr\\\/index.php\\\/campagne-telephonique\\\/\",\"url\":\"https:\\\/\\\/formation-a-distance-dpc-idel.fr\\\/index.php\\\/campagne-telephonique\\\/\",\"name\":\"Campagne t\u00e9l\u00e9phonique - Formation DPC IDEL\",\"isPartOf\":{\"@id\":\"https:\\\/\\\/formation-a-distance-dpc-idel.fr\\\/#website\"},\"datePublished\":\"2025-09-18T13:28:50+00:00\",\"dateModified\":\"2025-09-18T15:09:47+00:00\",\"breadcrumb\":{\"@id\":\"https:\\\/\\\/formation-a-distance-dpc-idel.fr\\\/index.php\\\/campagne-telephonique\\\/#breadcrumb\"},\"inLanguage\":\"fr-FR\",\"potentialAction\":[{\"@type\":\"ReadAction\",\"target\":[\"https:\\\/\\\/formation-a-distance-dpc-idel.fr\\\/index.php\\\/campagne-telephonique\\\/\"]}]},{\"@type\":\"BreadcrumbList\",\"@id\":\"https:\\\/\\\/formation-a-distance-dpc-idel.fr\\\/index.php\\\/campagne-telephonique\\\/#breadcrumb\",\"itemListElement\":[{\"@type\":\"ListItem\",\"position\":1,\"name\":\"Accueil\",\"item\":\"https:\\\/\\\/formation-a-distance-dpc-idel.fr\\\/\"},{\"@type\":\"ListItem\",\"position\":2,\"name\":\"Campagne t\u00e9l\u00e9phonique\"}]},{\"@type\":\"WebSite\",\"@id\":\"https:\\\/\\\/formation-a-distance-dpc-idel.fr\\\/#website\",\"url\":\"https:\\\/\\\/formation-a-distance-dpc-idel.fr\\\/\",\"name\":\"Formation DPC IDEL\",\"description\":\"E-learning - \u00e0 distance\",\"potentialAction\":[{\"@type\":\"SearchAction\",\"target\":{\"@type\":\"EntryPoint\",\"urlTemplate\":\"https:\\\/\\\/formation-a-distance-dpc-idel.fr\\\/?s={search_term_string}\"},\"query-input\":{\"@type\":\"PropertyValueSpecification\",\"valueRequired\":true,\"valueName\":\"search_term_string\"}}],\"inLanguage\":\"fr-FR\"}]}<\/script>\n<!-- \/ Yoast SEO plugin. -->","yoast_head_json":{"title":"Campagne t\u00e9l\u00e9phonique - Formation DPC IDEL","robots":{"index":"index","follow":"follow","max-snippet":"max-snippet:-1","max-image-preview":"max-image-preview:large","max-video-preview":"max-video-preview:-1"},"canonical":"https:\/\/formation-a-distance-dpc-idel.fr\/index.php\/campagne-telephonique\/","og_locale":"fr_FR","og_type":"article","og_title":"Campagne t\u00e9l\u00e9phonique - Formation DPC IDEL","og_description":"En soumettant ce formulaire, j\u2019accepte d\u2019\u00eatre contact\u00e9(e) par MEDEO Formation et de recevoir des informations sur les formations.","og_url":"https:\/\/formation-a-distance-dpc-idel.fr\/index.php\/campagne-telephonique\/","og_site_name":"Formation DPC IDEL","article_modified_time":"2025-09-18T15:09:47+00:00","twitter_card":"summary_large_image","schema":{"@context":"https:\/\/schema.org","@graph":[{"@type":"WebPage","@id":"https:\/\/formation-a-distance-dpc-idel.fr\/index.php\/campagne-telephonique\/","url":"https:\/\/formation-a-distance-dpc-idel.fr\/index.php\/campagne-telephonique\/","name":"Campagne t\u00e9l\u00e9phonique - Formation DPC IDEL","isPartOf":{"@id":"https:\/\/formation-a-distance-dpc-idel.fr\/#website"},"datePublished":"2025-09-18T13:28:50+00:00","dateModified":"2025-09-18T15:09:47+00:00","breadcrumb":{"@id":"https:\/\/formation-a-distance-dpc-idel.fr\/index.php\/campagne-telephonique\/#breadcrumb"},"inLanguage":"fr-FR","potentialAction":[{"@type":"ReadAction","target":["https:\/\/formation-a-distance-dpc-idel.fr\/index.php\/campagne-telephonique\/"]}]},{"@type":"BreadcrumbList","@id":"https:\/\/formation-a-distance-dpc-idel.fr\/index.php\/campagne-telephonique\/#breadcrumb","itemListElement":[{"@type":"ListItem","position":1,"name":"Accueil","item":"https:\/\/formation-a-distance-dpc-idel.fr\/"},{"@type":"ListItem","position":2,"name":"Campagne t\u00e9l\u00e9phonique"}]},{"@type":"WebSite","@id":"https:\/\/formation-a-distance-dpc-idel.fr\/#website","url":"https:\/\/formation-a-distance-dpc-idel.fr\/","name":"Formation DPC IDEL","description":"E-learning - \u00e0 distance","potentialAction":[{"@type":"SearchAction","target":{"@type":"EntryPoint","urlTemplate":"https:\/\/formation-a-distance-dpc-idel.fr\/?s={search_term_string}"},"query-input":{"@type":"PropertyValueSpecification","valueRequired":true,"valueName":"search_term_string"}}],"inLanguage":"fr-FR"}]}},"_links":{"self":[{"href":"https:\/\/formation-a-distance-dpc-idel.fr\/index.php\/wp-json\/wp\/v2\/pages\/987511733","targetHints":{"allow":["GET"]}}],"collection":[{"href":"https:\/\/formation-a-distance-dpc-idel.fr\/index.php\/wp-json\/wp\/v2\/pages"}],"about":[{"href":"https:\/\/formation-a-distance-dpc-idel.fr\/index.php\/wp-json\/wp\/v2\/types\/page"}],"author":[{"embeddable":true,"href":"https:\/\/formation-a-distance-dpc-idel.fr\/index.php\/wp-json\/wp\/v2\/users\/1"}],"replies":[{"embeddable":true,"href":"https:\/\/formation-a-distance-dpc-idel.fr\/index.php\/wp-json\/wp\/v2\/comments?post=987511733"}],"version-history":[{"count":4,"href":"https:\/\/formation-a-distance-dpc-idel.fr\/index.php\/wp-json\/wp\/v2\/pages\/987511733\/revisions"}],"predecessor-version":[{"id":987511737,"href":"https:\/\/formation-a-distance-dpc-idel.fr\/index.php\/wp-json\/wp\/v2\/pages\/987511733\/revisions\/987511737"}],"wp:attachment":[{"href":"https:\/\/formation-a-distance-dpc-idel.fr\/index.php\/wp-json\/wp\/v2\/media?parent=987511733"}],"curies":[{"name":"wp","href":"https:\/\/api.w.org\/{rel}","templated":true}]}}